+ r + 13. What is t(y)?
-53
Let o(p) be the first derivative of 4*p**2 + 105*p - 2091. What is o(-14)?
-7
Let s(j) be the third derivative of j**6/120 + j**5/15 + j**3/6 + j**2. Suppose 4*q = 3*q - 3*k + 15, 5*q + 27 = 2*k. Determine s(q).
10
Let f(x) = -2*x**2 + 45*x - 257. Let z be f(11). Let a(t) = -8*t + 4. Let o(n) = -32*n + 16. Let g(s) = 9*a(s) - 2*o(s). Calculate g(z).
36
Let l(r) = r**3 - r + 2. Let v be (1 + 3)/((-44)/(-22)). Let b be v/12 - 352/(-192). What is l(b)?
8
Let i(k) = -23008*k + 23013*k + 2 - 5. Give i(-6).
-33
Let h(l) = l**3 - 9*l**2 - 3*l + 27. Let q be h(9). Let b(j) = -256*j + 255*j + 16 + 0 - j**2. Give b(q).
16
Let a(v) = 15*v + 2 - 27*v + 3 + 5*v - 6. Suppose 3*r + k = 13, 2*r - 21 = -r - 3*k. What is a(r)?
-22
Suppose -8*i + 1 = 33. Let f(d) be the second derivative of 5*d + 2*d**2 + 0 - 1/6*d**3. What is f(i)?
8
Let q(c) = 23*c + 22. Let h(k) = 10*k - 652. Let u be h(65). Calculate q(u).
-24
Suppose 1800 = 63*a - 3*a. Let d(w) = -a + 735*w - 7 + 1 - 734*w. Determine d(0).
-36
Let c(p) = -p + 3. Let h be c(9). Let s(q) = -q + 2. Let r be s(h). Let k(j) be the first derivative of j**4/4 - 8*j**3/3 + 6*j + 2466. Calculate k(r).
6
Let h(j) = -j**3 + 45*j + 34. Let i be h(7). Let t(r) be the second derivative of -r**5/20 + r**4/2 - r**3/2 - r**2 + r. Give t(i).
-20
Let i = -64 - -66. Let y(d) = -i*d - 233 + 115 + 124. Determine y(0).
6
Let g = 4869 - 4867. Suppose 0 = 2*v - 4*v - 8. Let t(y) = -y - 1. Let z(k) = -2*k - 2. Let m(q) = v*t(q) + z(q). Give m(g).
6
Let b(k) = 6*k - 2. Let q(x) = -3*x + 1. Let w(p) = 4*b(p) + 7*q(p). Suppose 0 = 6*j - 681 + 561. Suppose j = 3*l + 5. Determine w(l).
14
Suppose 35 = -4*o - 3*p, -1 = -2*p - 3. Let j(d) = -8*d - 30. Let x be j(o). Let f = x - 27. Let h(q) = q + 1. What is h(f)?
8
Let o(c) = -17*c**3 - c**2. Suppose 9*u = 7 + 2. Let g = u - -3. Suppose -g + 3 = r. What is o(r)?
16
Let u(p) = -1. Let i(a) = -a + 7. Let w(m) = 3*i(m) + 21*u(m). Let y = 27764 + -27760. Determine w(y).
-12
Suppose -2*j = 2*a - 12, -3 = 2*a + 3*j - 17. Let p = -78 + 80. Suppose t - v = a, v = 3*t + p*v - 28. Let b(i) = i**2 - 9*i - 2. Give b(t).
-10
Let k(z) be the first derivative of -5*z**2/2 - 27*z - 441. Give k(-6).
3
Suppose 112*n - 160 - 2981 = 107. Let c(v) = v**3 - 29*v**2 + v - 26. Determine c(n).
3
Let l(c) = -2 + 4 - 3*c - c + 2*c + 0*c. Suppose 2*a - 2*v + 0 - 8 = 0, 3*a - 28 = -5*v. Suppose -a = 4*j - j. What is l(j)?
6
Let a = 54 - 48. Let c be 5 - (a - (3 - -4)). Let z(n) = n**2 - 5*n - 6. Calculate z(c).
0
Let y(v) = -4*v + v**3 - 2*v**3 + 8*v**3 + v - v**3 - 3*v**2. Determine y(-1).
-6
Let t(c) = 9*c + 1. Let w = -19 + -56. Let g = -77 - w. Calculate t(g).
-17
Let d be 1/(-5)*5/(-60). Let o(v) be the third derivative of 0 + 3*v**2 + 1/6*v**3 + 0*v**4 + 0*v - d*v**5. Calculate o(1).
0
Let p(y) be the first derivative of y**3/3 - 7*y**2/2 + 8*y - 1. Suppose q + 5*k = -37, -3*k + 59 = -2*q + 2*k. Let j be (-58)/(-8) - ((-168)/q - 4). Give p(j).
2
Suppose 3*n - 16 - 59 = -2*k, 3*n + 3*k = 84. Let a(t) = t**3 - 18*t**2 - 19*t - 26. Calculate a(n).
-26
Suppose 3*t + 2*p = 29, 26*t + 2*p = 31*t - 27. Let s(u) be the second derivative of u**4/12 - 5*u**3/3 + 12*u**2 + 10*u. Calculate s(t).
3
Let m = 713 + -706. Let a(u) = 12*u - 96. Let d be a(m). Let s(j) = -j**2 - 13*j - 18. Calculate s(d).
-6
Let y(k) be the first derivative of -k**4/4 - 10*k**3/3 - 17*k**2/2 - 23*k - 1111. Determine y(-8).
-15
Let t(p) = -16*p**2 + 101*p - 367. Let n(q) = 3*q**2 - 20*q + 74. Let m(z) = -11*n(z) - 2*t(z). Calculate m(11).
-3
Let a(y) = 19 + 15*y + y - 34 - 8*y**2 + y**3 + 7. Give a(4).
-8
Let n(r) = r**2 - 23*r - 47. Let a be n(25). Let f(m) = 92 - 47 - 45 + 2*m. Determine f(a).
6
Let w = -3 - -4. Suppose b + 18*l - 14*l = -5, 0 = 4*b + 5*l - 35. Let k(o) = 37*o**3 - 6*o**3 - 1 - 11*o**3 - b*o**3 - 16*o**3 + o. Calculate k(w).
-11
Let a(l) = -2*l + 1. Let y(s) = -s**2 + 3*s - 7. Let j(o) = -4*a(o) - y(o). Suppose -2*k + 8 = -18. Let x = k + -17. Calculate j(x).
-1
Let s(q) = 2*q**2 + q - 31. Let r be (13 - 108/9)/((-5)/20). Give s(r).
-3
Let j(f) = 3*f**2 + 5*f - 7. Suppose -4*v + 9*v + 35 = 0. Let c(n) = 2*n**2 + 2*n - 3. Let b(s) = v*c(s) + 3*j(s). Give b(-1).
-6
Let q(l) = 170283 + l + 0*l - 170272. Determine q(-6).
5
Let i(r) be the second derivative of -3*r**3 - 49*r**2 - 6074*r. Determine i(-5).
-8
Let m(q) be the first derivative of q**6/120 - q**5/10 - 5*q**4/24 - 4*q**3/3 + q**2/2 + 20*q + 42. Let o(d) be the second derivative of m(d). Determine o(7).
6
Let a(h) = h**2 - 14*h + 21. Let u = 2393 + -2382. Give a(u).
-12
Let i(l) = -l**2 - 7*l - 6. Suppose 33 = 2*g + 3*g + 2*u, 5*g - u - 21 = 0. Suppose -4*c = g*y + 261, -c + 0*y = y + 64. Let s = c + 53. What is i(s)?
0
Let p(m) be the first derivative of m**3/3 - 2*m + 39. Let k be p(3). Let y(v) = 14*v**2 - 8*v**2 - 8 + 3*v - v**3 + 6*v. Determine y(k).
6
Let j(t) = -175*t + 49. Let d(y) = 1450*y - 390. Let k(v) = -6*d(v) - 50*j(v). Give k(2).
-10
Let l be ((-98)/4)/(5/50). Let i = l - -241. Let w(g) = -g**2 - 5*g - 2. What is w(i)?
2
Suppose 0 = -11*n + 80 - 36. Let c(t) = -t - 7. What is c(n)?
-11
Let c(q) = -266*q**2 + 28*q - 89. Let v(h) = -145*h**2 + 14*h - 44. Let r(b) = 6*c(b) - 11*v(b). Give r(14).
-50
Let l(i) = 2 + i - 5 - 17 - 5*i. Suppose 50*q - 41*q + 8 = -46. Determine l(q).
4
Let g(y) = 11*y - 6*y - 6*y. Let f(p) = -p**3 - 21*p**2 - 19*p + 19. Let v be f(-20). Determine g(v).
1
Let u be (-1 + (-21)/9)/((-8)/180). Let o = -77 + u. Let r(l) = -6*l. What is r(o)?
12
Let o(y) = -y**2 + 16*y + 6. Suppose 82*n - 85*n = -2*a - 36, -2*a = -5*n + 68. Determine o(n).
6
Suppose 3*c - 45 = -5*m, -107*c + 4*m - 19 = -106*c. Let v(w) = 9*w - 24. What is v(c)?
21
Let u(o) = o + 8. Let a(m) = m**2 + 14*m + 61. Let k be a(-21). Let l = -217 + k. Calculate u(l).
-1
Let s(q) = -2*q - 2*q**2 + 2*q + 3 + 4*q. Let r(f) = f**2 + 27*f + 28. Let a(j) = -j**2 - 23*j - 26. Let k(t) = 2*a(t) + 3*r(t). Let i be k(-34). Give s(i).
-13
Let u(s) = s**2 - 9*s + 1. Let f(d) = 2*d**3 + 128*d**2 + 2*d + 132. Let h be f(-64). Determine u(h).
-19
Let c be 48/(-20)*(-3 + -17)/(-4). Let d(g) = g**2 + 14*g - 14. Give d(c).
-38
Let w(c) = -57995*c - c**3 + 11*c**2 - 4*c**2 - 3*c**2 + 58001*c - 6. Give w(5).
-1
Let c(u) = u**3 + 8*u**2 - 7*u + 14. Suppose -207 = 75*d + 468. Give c(d).
-4
Let n(j) be the first derivative of j**5/60 - j**4/8 - 20*j**3/3 + j - 5. Let k(q) be the third derivative of n(q). Calculate k(0).
-3
Suppose -3*p + 0*p = -n - 2, 5*n = -p + 54. Let z(s) = -s**2 + 12*s + 13. Give z(n).
33
Suppose 0 = 460*h - 457*h + 5*m + 67, 4*m = -5*h - 90. Let j(p) = -11*p - 160. What is j(h)?
-6
Let v be ((-5)/(-2))/(19/38). Let r(b) = -v - 13*b + 28*b - 16*b. Determine r(-12).
7
Let x(w) = -15*w**3 + 3*w**2 + 3*w + 1. Let u(j) = -5*j**2 - 16*j - 1. Let p be u(0). What is x(p)?
16
Let b(r) = -4*r**2 + r - 18. Suppose 5*j = -5*q, -211*q + 206*q - 4*j = 5. Give b(q).
-123
Suppose 4*k = -2*x + 32, -3*k - 2*x - 3*x + 31 = 0. Let i(l) be the first derivative of -l**2 + 20*l + 22810. Give i(k).
6
Suppose 89*g - 5*h - 20 = 94*g, 0 = 4*h + 20. Let c(d) = -5*d**2 + d + 2. Let n be c(g). Let t(r) = r**3 + r**2 - r. What is t(n)?
-2
Let k(w) = w - 3. Suppose 0 = -2*p + 6, f - 2*p - 11 = 40. Suppose 5*l + 13 = -3*z + f, 34 = 3*l - 2*z. Give k(l).
7
Let f(c) be the third derivative of c**4/24 - 7*c**3/6 + 175*c**2. Let g(h) = h - 6. Let m(j) = 5*f(j) - 6*g(j). Give m(7).
-6
Let c(l) = l**2 - 39*l + 184. Suppose -z + 18 = -4*w, 5*z - 31*w - 24 = -33*w. Determine c(z).
-14
Let d(a) = -a**3 - 8*a**2 + 7*a - 4. Let j = -34 + 28. Let v(s) = 31*s + 177. Let b be v(j). What is d(b)?
14
Suppose 4*j - 27 = 3*c, -19 = -3*j - 14*c + 16*c. Let k(g) = g**3 - 5*g**2 - g + 3. Calculate k(j).
-18
Suppose -1 = 3*i + 20. Let z be -3*(-5)/(35/i). Let m(h) = -h**2 - h**2 + 3*h**2 + 3*h. Calculate m(z).
0
Let q = -6266 + 6250. Let j(s) = s**2 + 17*s + 1. Give j(q).
-15
Suppose -1407 = -145*j - 537. Let x(g) = 3*g - 5. Calculate x(j).
13
Let x(i) be the third derivative of i**7/2520 - i**6/120 + i**5/40 - 5*i**4/8 + 7*i**2. Let n(b) be the second derivative of x(b). Let l = -19 + 24. Give n(l).
-2
Let l(x) = -7*x**2 - 1. Suppose 2*c - 6*c - 3*f + 20 = 0, -3*c + f = -2. Suppose -c*z + 0 = -o - 14, 